w)?
3
Let t be 6/(16 + 2) - 16/(-6). What is the tens digit of (10/(-8))/(t/(-204))?
8
Let m = 3433 + -462. Let w = -2059 + m. What is the units digit of w?
2
Suppose -5*o + 37*p = 31*p - 97941, 0 = 2*o - 4*p - 39178. What is the units digit of o?
7
Suppose 40*a = 58*a - 64782. What is the tens digit of a?
9
Suppose 1456 = v + 3*j, -5*v + 4*j = -v - 5808. What is the tens digit of v?
5
Let b be (-1 + (-471)/2)/(2/4). What is the units digit of 3 + b/165 - (-613)/15?
1
Let b = 5175 + 4914. What is the units digit of b?
9
Suppose -3*v + 147 = 3*h, v + 167 = 3*h - 0*h. Let s = 152 - h. Suppose -2*g + g + s = 0. What is the tens digit of g?
9
Suppose 0 = 9*m + 261 - 1755. Suppose 156*y = m*y - 15380. What is the tens digit of y?
3
Let z = 2462 - 1304. What is the tens digit of z?
5
Let p(s) = 3*s**3 - 7*s**2 + 5*s - 42. Let b be p(5). What is the hundreds digit of 244/b*(-942)/(-2)?
6
Let j be ((-536)/20)/(6/(-390)). Let z = j - 1147. What is the hundreds digit of z?
5
Let p be (-1)/((-1)/10*(3 + -5)). Let u = p + -74. Let f = u - -290. What is the hundreds digit of f?
2
Let z = -10 + -37. What is the tens digit of -1 - (9*z - -1)?
2
Let r = 7634 - -5486. What is the thousands digit of r?
3
Suppose 2*k = -2*w + 18344, 2*k - w - 2342 - 16020 = 0. What is the tens digit of k?
7
Let i = -27 + 47. Let d be (-4)/(3 + -7)*i. Let m = d - 18. What is the units digit of m?
2
Suppose 2*b = -2*v + 88, 3*b - 5*b = 5*v - 223. Suppose -4*u = -0*u + 2*q - 60, 3*u - 3*q = v. Suppose 0 = u*z - 18*z + 855. What is the tens digit of z?
8
Suppose -5*i - 35 = 0, 4*z + i - 138065 - 95268 = 0. What is the thousands digit of z?
8
Suppose -556 = 4*g - 4*b, -6*b - 12 = -3*b. Let z = g - -278. What is the hundreds digit of z?
1
Suppose 0 = -180*w + 177*w. Let h(m) = 2*m**3 + 4*m**2 - m + 927. What is the hundreds digit of h(w)?
9
Let g(x) = 8*x**2 + 327*x - 17. What is the hundreds digit of g(19)?
0
Suppose 10611 = -157*x + 160*x. Suppose 4251 = 12*d - x. What is the units digit of d?
9
Suppose -5*g + 58 = 3*z, -3*g - 5*z = -g - 27. Suppose 16*l = g*l + 255. What is the units digit of -4 - 2*l/(-2)?
7
Let m = 342 - 90. Let o = m - -428. What is the hundreds digit of o?
6
Suppose n = b + 32363, -n = 2705*b - 2704*b - 32351. What is the tens digit of n?
5
Suppose 0 = -3*x + 5*y - 182, -y - 3*y + 70 = -x. Let i be (x/(-4))/(2/12) + -3. What is the tens digit of (4/10)/(i/75 - 1)?
1
Let s(i) be the third derivative of 7*i**5/40 + 23*i**4/24 - i**3/2 + 2*i**2 - 30*i. Let q(z) be the first derivative of s(z). What is the tens digit of q(13)?
9
Suppose -70*g + 67*g = 5*t - 7, -4*g = -t - 17. What is the tens digit of ((-682)/(-6) + t)/((-48)/(-144))?
3
Let j = 11639 + 53. What is the tens digit of j?
9
Let b = 14004 + -8969. What is the hundreds digit of b?
0
Suppose -45*b + 764310 + 450680 = 25*b. What is the tens digit of b?
5
Let v be 0 + (1 - (-6)/3). Suppose 3*s - v*n = 21780, -7*s + 3*s - 3*n = -29005. What is the tens digit of (s/(-9))/(-5) + (-10)/45?
6
Let d(t) = t**3 - 12*t**2 + 4*t - 12. Suppose 22*s + 50 = 27*s. Let o be d(s). Let k = -70 - o. What is the units digit of k?
2
Let y(f) be the third derivative of 4*f**4/3 - 30*f**3 - 31*f**2. What is the units digit of y(24)?
8
Let b(x) = -6*x**3 + x**2 + 3*x + 243. What is the units digit of b(-10)?
3
Suppose -26 = -2*t - 4. Let h(l) = -l**2 + 14*l - 12. Let s be h(t). What is the units digit of ((1608/9)/(-2))/((-14)/s)?
4
Let y(p) = 4*p + 95. Let l be y(0). Let x = 100 - l. Let z(h) = h**3 + h**2 - 3*h + 17. What is the hundreds digit of z(x)?
1
Let f = 80 + 11174. What is the hundreds digit of f?
2
Let t = 6 + -45. Let r be 6/(-21) + ((-21120)/56)/(-4). Let f = r + t. What is the units digit of f?
5
What is the thousands digit of 8/14 + (-3233430)/(-630)?
5
Suppose 42*g - 37*g - 93247 = 3*h, -16 = 4*h. What is the hundreds digit of g?
6
Suppose z = 4*c + 3 - 12, 5*z = -c + 18. Let b be 544 - ((0 - 1) + 0). Suppose -z*v - k = -b, -2*v - 3*k = -3*v + 185. What is the units digit of v?
2
What is the ten thousands digit of ((-14484)/639)/(-2 - (-349)/1746*10)?
1
Suppose -5*t + 5*j + 22125 = 0, 16*j - 22127 = -5*t + 20*j. What is the units digit of t?
7
Suppose 5*b = -2*m - 32, 8 - 5 = -b + 3*m. Suppose -4*t = 2*u + 14, -u + 3*t + 17 + 1 = 0. What is the units digit of (b - -4) + 14 - 1*u?
9
Suppose 2*a = 2*j - 8, -16 = -j - 5*a + 6. Suppose -j*z + 6*z + 47 = -b, -z - 4*b + 72 = 0. What is the tens digit of z?
5
Let b = 9534 + -411. What is the hundreds digit of b?
1
Let o = -184 + 206. Suppose -29*j = -o*j - 2226. What is the units digit of j?
8
Let i = 139 - 71. Suppose -v = 4*j + v + 60, 5*j - v + i = 0. What is the units digit of (-5430)/(-42) - (-4)/j?
9
Suppose 3*u - 5 = -4*m + 6, -4*m = 4. Suppose 3*r + z + 0*z = 192, -3*z = u*r - 324. Suppose 5*c - 72 = r. What is the tens digit of c?
2
Let v be -6*(-7551)/(-18)*2/6. What is the units digit of (-1 + 1 + -1)*v?
9
Let p(l) = 674*l - 12. Suppose 0*i = -w - 2*i + 1, -2 = -2*w + 5*i. What is the hundreds digit of p(w)?
6
Let s be 28/(-8) - -6 - (-2)/4. Suppose s*j = 3*z + 2*z - 2707, -3*j + 1066 = 2*z. What is the tens digit of z?
3
Let h(o) = -o**3 - 12*o**2 - 29*o - 21. Let l be h(-10). Suppose -63*c - 2034 = -l*c. What is the tens digit of c?
3
Suppose 5655926 = f + 256*f - 7877951. What is the tens digit of f?
6
Suppose 79*y - 307*y + 2510508 = 0. What is the units digit of y?
1
Let v(w) = 2*w + 8. Let y be v(0). Suppose 0 = y*z - 5*z. Suppose n - 3 = 4*j, z = -3*n + 3*j + 2*j + 30. What is the tens digit of n?
1
What is the ten thousands digit of ((-7 - -15) + 7332)*(-21)/(-12)?
1
Let n(q) = -459*q - 437. Let c be n(-7). Suppose -1382 - c = -42*a. What is the tens digit of a?
9
Suppose -8 = 2*k + d + 1, -5*k = 4*d + 21. Let w(a) = 62*a - 25. Let o(s) = 21*s - 8. Let l(f) = 17*o(f) - 6*w(f). What is the units digit of l(k)?
9
Suppose -2*a - 3*l + 1675 = 0, 2*a - 944 = -5*l + 729. Suppose -10*n - a = -3959. What is the hundreds digit of n?
3
Let o be -1 + 2 + 2 + 2. Let r be (-1)/(-5) - (-532)/190. Suppose -o*l = -2*g + 88, -r*g + 6*l + 141 = 3*l. What is the units digit of g?
9
Let g be (-4)/(8/(-1))*308. Let h = g - -295. What is the tens digit of h?
4
Let v(d) = -3*d + 4. Let z be v(0). Let b be (z + 6*-2)/(-2). Suppose 0 - b = -2*p, h = -p + 34. What is the tens digit of h?
3
Let c be (-17)/(2*2/(-32)). Suppose 5*t - 5*n + 355 = 0, 3*t + 3*n = -0*n - 243. Let m = c + t. What is the tens digit of m?
6
Let p be 3/3 - (-2 + -3 + 1). Let b be -2*(-768)/30*1*p. Suppose 5*x - b = 3*x. What is the tens digit of x?
2
Let n(c) be the third derivative of c**6/4 + c**5/20 - c**4/6 + 5*c**3/6 + 4*c**2. Let y be n(2). Suppose -2*h - 39 = -y. What is the hundreds digit of h?
1
Suppose 15*f = 13*f - 66. Let q = f + 47. What is the units digit of 2 + q/(-6) - (-125)/15?
8
Suppose 77*o - 637105 + 273117 = 968343. What is the thousands digit of o?
7
Suppose -46836 = 4718*i - 4736*i. What is the thousands digit of i?
2
Suppose -x = -z - 12, 7 + 9 = 2*x + 2*z. Suppose 0 = -27*a + x*a + 935. Let r = a + 19. What is the units digit of r?
4
Let v(c) = 7*c - 3. Let y be v(1). Suppose 3*q - 1272 = q - y*g, 5*q - 3*g - 3206 = 0. What is the units digit of q?
0
Let o(f) = f**2 - f - 25. Let d be o(6). Suppose 2*s = -d*y + 293, 0 = 3*s + 3*y - 411 - 42. What is the hundreds digit of s?
1
Let z(h) = -4*h**3 + 4*h**2 - 5*h + 4. Let b be z(3). Let n = b - -87. Let y(u) = 57*u + 11. What is the hundreds digit of y(n)?
2
Let w = 739 + 80. Let j = w + -300. What is the tens digit of j?
1
Let f = 5939 + 948. What is the thousands digit of f?
6
Let z be 0 + (7/3 + -3)*-105. Let l be (-5)/(z/(-4)) - 10/35. Suppose f + 4*b = -0*f + 18, l = 4*f - 5*b - 93. What is the units digit of f?
2
Let s be -8*(-10)/(2 - 0). Let x = s + -40. Suppose x = 5*j + 5, -p + 3*j + 2*j + 82 = 0. What is the units digit of p?
7
Let y(f) = -f**3 + 8*f**2 + 11*f - 15. Let m be y(9). Suppose -8*v = -2*l + 992, -3*l - 8*v + m*v + 1522 = 0. What is the hundreds digit of l?
5
Let f be (-1 - -2)/((-9)/(-27)). Suppose -f*y + 8*y - 280 = 0. What is the units digit of (-118)/(-14) - (-32)/y?
9
Let r = 637 + 5749. What is the units digit of r?
6
Suppose 2*v = -3*d + 32807, 118*v - 122*v - d + 65579 = 0. What is the ten thousand